e the prime factors of m?
2, 11, 631
Let r = 21832 - 21839. Suppose 3*s + 2*f - 8 = 0, -2*s = -4*s - f + 4. What are the prime factors of s - 3 - (-277 - r)?
3, 89
Let z = -12 - -11. Let n(a) = a + 4. Let y be n(z). What are the prime factors of (-1 - y - -34) + 2?
2
Let r be (73 - -3)/(2/(2 - 4)). Let q = r - -80. Let z(i) = 10*i**2 - 7*i - 3. What are the prime factors of z(q)?
3, 43
Let h(x) = -7*x**3 + 9*x**2 + 108*x - 68. What are the prime factors of h(-10)?
2, 211
Let j(c) = -c**2 - 13*c - 8. Let q be j(-12). Suppose 0 = q*a - 15*a + 847. What are the prime factors of a?
7, 11
Let y(t) be the second derivative of t**4/6 - 3*t**3/2 + 25*t**2 - 2*t + 5. What are the prime factors of y(-13)?
5, 101
Let h(a) = -32*a**3 - 10*a**2 + 6*a - 30. List the prime factors of h(-6).
2, 3, 23, 47
Suppose 3*f = p - 25, p + 2*f = 6*p - 164. Let q(a) = -a - p*a - 9*a + 5 + 3*a. What are the prime factors of q(-4)?
13
Let j be (40/4)/(-5) + 7. Suppose j*p - 94 - 346 = 0. Suppose 4*u - 146 = x + 101, -u + p = 5*x. List the prime factors of u.
3, 7
Suppose g + 2*l = 4*g - 5, -4*g + 2*l = -8. Suppose 0 = -2*d + g*j + 5, 2*j - 3*j = 3. What are the prime factors of d/(-7) - (4 - 2876/28)?
3, 11
Let k = -38 + 7150. List the prime factors of k.
2, 7, 127
Let j = -69 - -77. Suppose -28 = 4*z - j, -z - 1113 = -l. List the prime factors of l.
2, 277
Suppose 4*m - 7*q + 4*q = 29360, -4*m = -5*q - 29368. What are the prime factors of m?
11, 23, 29
Let j = -851 + 851. Let o be 254 - 1 - (-1)/(-1). Suppose 0*r - 4*r + o = j. List the prime factors of r.
3, 7
Let n(k) = 288*k**2 - 67*k + 13. List the prime factors of n(-7).
2, 7297
Let g = -41 - -26. Let x(n) = n**3 + 16*n**2 + 12*n + 23. Let b be x(g). Let t = -17 + b. What are the prime factors of t?
3, 17
Suppose -1273 - 298 = -l. List the prime factors of l.
1571
Let s = 549 + -539. Let l(h) = 14*h**2 - 31*h - 20. List the prime factors of l(s).
2, 5, 107
Let p(b) = b - 13. Let k be (-2 - 1)/(3/5). Let t be p(k). Let h = t - -30. List the prime factors of h.
2, 3
Suppose 26*d = 28*d + 24. Let a be ((-2)/d*3)/(15/60). Suppose 3*x - a*x - 82 = -3*i, -306 = -3*x + 3*i. What are the prime factors of x?
97
Let b be 0 + (1 - -31) + (-14 - -17). Suppose -b*s = -29*s - 2448. List the prime factors of s.
2, 3, 17
Let c = -44 + 46. Suppose -3*l = 5*m - 4202, 2*l + 2407 - 723 = c*m. What are the prime factors of m?
29
Suppose -109*s = 90*s - 2610103 - 1451288. List the prime factors of s.
3, 6803
Suppose 4*l + 0*l + 4*h = -56, 44 = -4*l + 2*h. List the prime factors of ((-30)/l - -1)*(120 + -2).
7, 59
Let r = 4782 + -1347. List the prime factors of r.
3, 5, 229
Let q(h) be the third derivative of 58*h**5/15 + 13*h**4/24 - 4*h**3 - 3*h**2 - 47*h. What are the prime factors of q(2)?
2, 3, 5, 31
Let s = -1026 + 315. List the prime factors of s/(-2) - (-4)/8.
2, 89
Suppose 0 = -102*a + 3302112 + 536454. List the prime factors of a.
37633
Let p(u) = -8*u**2 - 9*u**2 - 20 + 16*u**2 - 13*u. Let h be p(-11). Suppose -2*c + 62 = -3*r, h*r - 96 = -3*c + 5*r. What are the prime factors of c?
2, 17
Let f = -756 - -333. Let a = f - -1105. What are the prime factors of a?
2, 11, 31
Suppose -2*p - 4*t = -16, 5*t = -p + 2*p - 1. Suppose p*y = 1951 + 2297. What are the prime factors of y?
2, 3, 59
List the prime factors of (5 - (24/(-8) + (-3 - 12577))) + -7.
23, 547
Suppose 18 + 78 = 4*q. Suppose 4*p - 96 = 2*m, 0 = -2*m - p - 147 + 46. What are the prime factors of m/(1/(-8) + q/(-64))?
2, 5
Suppose 0 = -2*d + g - 1, -d - 2*g + 12 = -0*g. Let j be (96/15)/(d/20). Let v = 163 - j. List the prime factors of v.
3, 11
Let q(i) = -27*i**3 - 3*i**2 - 71*i - 512. What are the prime factors of q(-6)?
2, 2819
Suppose 13*u = 16*u - 3*g - 5616, -2*g - 7480 = -4*u. List the prime factors of u.
2, 467
Let z = 345 + -176. Let g = 342 - z. Suppose 9*t - 412 = g. What are the prime factors of t?
5, 13
Let i(s) = -572*s - 3836. What are the prime factors of i(-16)?
2, 3, 443
Let o(u) = -u**3 - 81*u**2 + 166*u + 198. List the prime factors of o(-84).
2, 3, 1237
What are the prime factors of ((-45)/((-2250)/(-40660)))/(2/(-65))?
13, 19, 107
Let w(l) = -496*l - 2497. What are the prime factors of w(-84)?
53, 739
Let l(f) = 526*f + 1. Let k be l(-1). List the prime factors of (-60)/(-21)*k/(-6).
2, 5
Let l(t) = -t**3 + 10*t**2 + 4*t - 20. Let u be 0 - 30 - 1 - -4. Let d = u + 36. List the prime factors of l(d).
97
Let o(k) = k**3 - 2*k**2 - 8*k + 1. Let f be o(6). Let s = f - 49. List the prime factors of (0 - s)*(-1)/2.
2, 3
Let c(i) = 2007*i - 8460. List the prime factors of c(19).
3, 7, 157
Let o(b) = 111*b**2 + 6*b - 8. Let f(u) = -5*u**2 - 45*u - 3. Let c be f(-9). List the prime factors of o(c).
7, 139
Let o(d) = 543*d**2 + 11*d - 174. List the prime factors of o(6).
2, 3, 5
What are the prime factors of (-272 + -3579)*-1*1?
3851
Let r(z) = -z**3 - z**2 + 3*z - 4. Let d be r(-3). Suppose 36 = k + 5*v, 4*k + d*v - 76 = 23. List the prime factors of k.
3, 7
Suppose -3*v - 26 = -2. Let p(b) = -3*b - 21. Let t be p(v). Suppose -3 + 2 = -c, 2*a - t*c = 81. What are the prime factors of a?
2, 3, 7
Let d = -149 + 1170. List the prime factors of d.
1021
Let a(t) = t**3 - t**2 - t. Let c(f) = f**3 - 26*f**2 + 40*f + 34. Let q(l) = -2*a(l) + c(l). What are the prime factors of q(-26)?
2, 3, 7
Suppose 2*a - q - 9 = 2*q, 3*a - 12 = 3*q. Suppose -z - 73 = -j - 38, 0 = -a*j + 5*z + 99. What are the prime factors of j?
2, 19
Let f = 23346 - 11766. What are the prime factors of f?
2, 3, 5, 193
Let x = 166 - 166. What are the prime factors of (-61 - x)*(24 - 3)/(-3)?
7, 61
Let b be 36/(-270) - (-814)/30. Suppose -5*m = -15, -w - 5*m + b = -397. List the prime factors of w.
409
Let h(x) = 9*x**2 + 22*x + 10. Let w(b) = 5*b**2 + 11*b + 5. Let d(t) = -6*h(t) + 13*w(t). What are the prime factors of d(5)?
5, 67
Suppose -630 = 2*x + c, 5*x - 4*c = c - 1590. Let m = x - -638. What are the prime factors of m?
2, 7, 23
Suppose -32 = -4*f + 16. Let z be (f/(-30))/(3/15) + 4. List the prime factors of (z/3)/((-10)/(-285)).
19
Let k(n) = n + 4. Let u be k(-2). Suppose 7*h - 15 = u*h. Suppose m - h*m + 90 = 0. List the prime factors of m.
3, 5
Let k(t) = t**3 + 18*t**2 - 33*t - 9. Let i be k(-19). Suppose i*b - 1302 = 251*b. What are the prime factors of b?
7, 31
Let j be 8/(-4) + (-50 - 2). List the prime factors of (-3 - 258/12)/(3/j).
3, 7
Let v(k) = 44 - 71 - 8*k - 4*k - 53. List the prime factors of v(-19).
2, 37
Suppose 0 = -3*d - f - 13, -5*d + 9*d + 11 = 5*f. Let m be (d/7)/((-3)/42). List the prime factors of 364/m*2 + -3.
2, 11
Suppose 3*m - 9170 = -32*q + 30*q, 18324 = 4*q + 2*m. List the prime factors of q.
19, 241
Let u = 251 - 232. Suppose g = u*g - 252. List the prime factors of g.
2, 7
What are the prime factors of (760/6)/((742/2016)/53) + -5?
5, 7, 521
Let k = 7 + -5. Suppose 4*f = -4*j - 316, 117 = -k*j - 5*f - 41. Let d = 139 + j. What are the prime factors of d?
2, 3, 5
Suppose -13*t + 6336 = 19*t. Let m = 929 + t. What are the prime factors of m?
7, 23
Let j = 54542 + -19005. What are the prime factors of j?
35537
Let r(b) = -4*b - 8 - 3 + b**2 + 10*b + 279. What are the prime factors of r(0)?
2, 67
Let r = 262 - 114. Suppose 0 = 4*l - 0*l - 3*w - r, 5*w = 0. What are the prime factors of l?
37
Let l(h) = -4*h**2 + 48*h + 3. Let q be l(12). Suppose 4*w + w - 1655 = -q*k, 5*w + 4*k = 1650. List the prime factors of w.
2, 167
Suppose -38*i = -43*i - 10, -169274 = -3*y + i. What are the prime factors of y?
2, 3, 2351
Suppose 0 = 3*d + 101 - 113. Suppose 0 = -2*o + d - 2. List the prime factors of (-4)/(2 - o)*58/(-4).
2, 29
Let t(n) = n**3 - 3*n**2 - 7*n + 5. Let c be t(4). Let d = c + 10. Suppose d*b - 408 = -3*z, z + 105 - 765 = -5*b. List the prime factors of b.
131
Suppose -45*v + 43*v = -9044. What are the prime factors of v?
2, 7, 17, 19
Suppose -6*t - 10 = -11*t. Let o be (((-4)/3)/t)/((-6)/45). Suppose 5*h - 1 = j, 5*j + 10*h = o*h + 145. What are the prime factors of j?
2, 3
Let r(j) = -j**3 + 10*j**2 + 6*j - 18. Let h be r(9). Suppose 4*g + 5 + 7 = x, 5*x - h = g. Let u = 31 - x. What are the prime factors of u?
7
Let c(g) = -g**3 - 51*g**2 - 62*g - 36. Let k be c(36). List the prime factors of ((-4)/10)/(71/k).
2, 3
Let o = 10 - 44. Let g = o - -28.